2*f - 263 = -3*b. What are the prime factors of b?
3, 29
Let j = 452 - 295. Suppose 96*f + 8377 - 1857 + 2408 = 0. Let t = f + j. What are the prime factors of t?
2
What are the prime factors of 2*(14 + (-102289)/(-22))?
3, 3109
What are the prime factors of ((-10485787)/13)/(-17) + -4 + 1?
2, 29, 409
Let r(g) = 3*g**3 - 7*g**2 + 13*g - 14. Let p(x) = -8*x**3 + 20*x**2 - 39*x + 43. Let z(m) = -4*p(m) - 11*r(m). What are the prime factors of z(-10)?
2, 3, 23
Let j = 1215 - 791. Suppose -5*k + j + 66 = 0. Let w = -27 + k. What are the prime factors of w?
71
Let i be 5*(-5)/(-50) + (-249)/(-2). Let q = -50 + i. What are the prime factors of q?
3, 5
Let l(d) = d**3 + 5*d**2 - 9*d - 11. Let o be l(-6). Let p(x) = x**3 + x + 1. Let s be p(o). Suppose -s = -5*q - 61. What are the prime factors of q?
2, 29
Let y(p) = 9*p**2 + 211*p + 1748. List the prime factors of y(-74).
2, 3, 5903
Let r(b) = 51*b + 3536. List the prime factors of r(0).
2, 13, 17
Let y(w) = w**2 - 16*w + 28. Let c(p) = 2*p**2 + 9*p - 4. Let a be c(-6). Let z be y(a). Let k(g) = 2*g + 97. What are the prime factors of k(z)?
97
Suppose 3*y = -b - 10, 4*b + 3*y = -7 - 51. What are the prime factors of (297/(-18) - b) + (-1438)/(-4)?
359
Let h(q) = 1788*q + 1152. List the prime factors of h(25).
2, 3, 3821
Let o = 479 + -401. Suppose -618 = -3*j - 3*x, -x - 126 = -j + o. What are the prime factors of j?
5, 41
Let a be (-69)/(-138) - (378/(-4))/3. Suppose 2*q = -2*r + 696, -q - 2*r - a = -376. List the prime factors of q.
2, 11
Let x(k) = 2*k**2 + 15*k - 14. Let i be ((-13)/(-3))/(-5 + (-96)/(-18)). What are the prime factors of x(i)?
3, 173
Let m(i) = 11*i + 2. Let n be m(0). Suppose 1805 = 2*b + 3*b + 2*l, -1444 = -4*b - n*l. What are the prime factors of b?
19
Let b be -4 + 3 - 1 - 16/(-4). Suppose b*y = -5*s + 641, -326 = -y + 5*s - 2*s. What are the prime factors of y?
17, 19
Let n be 1 + -2 + 20 + -22. List the prime factors of 204*n/(6/(-2)).
2, 3, 17
Suppose -3*g + 180215 = 4*f, 4*g = -8*f - g + 360433. What are the prime factors of f?
2, 11
Let a(b) = 39*b - 27*b + 153 + 49*b + 54*b. What are the prime factors of a(6)?
3, 281
Let g(u) = -u**2 + 8*u + 52. Let a be g(-4). Let v be (-26)/(-10) + 28/70. Suppose 4*b - 2*b = -5*x + 841, -v*x + a*b + 489 = 0. List the prime factors of x.
167
Suppose 6*f + 19008 - 61158 = 0. What are the prime factors of f?
5, 281
Suppose 0 = -8*l - 9*l + 6*l - 165. Let v(b) be the second derivative of -b**3 - 21*b**2/2 + b. What are the prime factors of v(l)?
3, 23
Let u be 66/(-165) - (-1)/((-5)/(-2)). Let m be 6 + -4 + 1 + u. Suppose 0 = -m*q + 196 + 290. List the prime factors of q.
2, 3
Suppose 4*r + j = 8, -4*r + 6 = -r - 3*j. Let z be 8/r + -577 - 0. Let n = -361 - z. What are the prime factors of n?
2, 53
Let k(j) = 3*j**2 - j - 5. Let o be k(-4). Suppose -5*l + 6*y - 2*y = -524, -4*l + 3*y + 420 = 0. Let i = l - o. List the prime factors of i.
61
Let q(f) = 1519*f**2 - 86*f + 609. List the prime factors of q(6).
3, 19, 31
Let y(z) = -5*z - 26. Let o be y(-10). Let t be (-3)/o*-4*0. Suppose t = -2*q + 4*q - 32. What are the prime factors of q?
2
Suppose -i + 5622 = 4569. List the prime factors of i.
3, 13
Suppose -5*n - h + 1 = -14, -19 = -2*n - 3*h. Suppose 5*q = 3*t + t - 1251, 921 = 3*t + n*q. What are the prime factors of t?
3, 103
Let z be (1 - 2) + 1 + 2. Suppose -z + 7 = r. Suppose 0*a - 63 = -n + r*a, -4*n + 4*a = -284. List the prime factors of n.
73
Let w(c) = -61*c**3 - 2*c - 3. Let p be 3/15*-1 - 93/(-15). Suppose 2 + 12 = 2*t - 4*o, 2*o + p = 2*t. List the prime factors of w(t).
2, 3, 5
Let a(i) = 2*i**3 - 87*i**2 - 88*i - 249. What are the prime factors of a(50)?
27851
Suppose -3*o - 155 = 5*u, u + 32*o = 28*o - 48. Let c = 293 + u. What are the prime factors of c?
5, 53
Let v = -106 + 429. Suppose z = -5*a + 1201, -4*z = a - v + 98. What are the prime factors of a?
241
Let l be (-21)/14*8/(-6). Suppose -2*h = x - 48, 5*h - l*x = -0*x + 129. List the prime factors of h.
5
Let c = 64 + -69. Let h(f) = 51*f - 10. Let q be h(c). Let b = 417 + q. List the prime factors of b.
2, 19
Let v(r) = -72*r**2 - 23*r - 188. Let a(x) = -108*x**2 - 35*x - 282. Let z(y) = 5*a(y) - 8*v(y). What are the prime factors of z(-5)?
13, 73
Let p(h) = h - 2. Let u be p(3). Suppose -3*a + 195 = 2*a - 2*w, 2*a + 4*w = 78. Suppose a = k + u. List the prime factors of k.
2, 19
Suppose -7*w - 701 = -3172. Suppose 1248 = 5*b + 13. Let j = w - b. What are the prime factors of j?
2, 53
Suppose 2*t - 12110 = -4*u, 762 + 5308 = 2*u - 4*t. Let s = -1490 + u. What are the prime factors of s?
3, 19
Suppose 16 = -25*a - 34. What are the prime factors of a/(1/4 - 2616/10272)?
2, 107
What are the prime factors of (-2)/((-10)/4*36/72)*18775?
2, 5, 751
Suppose -2*w = -4*h - 4, 4*w - h - 12 = 31. Suppose -w*r - 5*r = 5712. Let a = -186 - r. List the prime factors of a.
2, 3, 5
Suppose 0 = -27*c + 25*c + 34. Suppose 0 = -c*p + 5445 + 7339. List the prime factors of p.
2, 47
Let n be -50*1/2 + 2. Suppose 32 = 3*i - i. Let p = i - n. List the prime factors of p.
3, 13
Suppose 15070 = 4*x + 3*z, -30124 = -8*x + 22*z - 20*z. What are the prime factors of x?
2, 7, 269
Let q = -53 + 59. Let x be (-254)/q - 10/15. Let g = x - -65. List the prime factors of g.
2, 11
Let d = 89 - 83. Suppose 16*r = 13*r + d. Let f = 192 + r. What are the prime factors of f?
2, 97
Let v = -11 - -14. Let u be 1*(-8)/v*-183. Suppose 4*z = 4*f + 7*z - u, 2*f - 4*z - 244 = 0. List the prime factors of f.
2, 61
Let i(j) = j**3 - 10*j**2 - 19*j + 4. Let v be i(13). Suppose 0 = -7*l + l - v. What are the prime factors of 140/l + 3 + (-2490)/(-22)?
113
Suppose 5*s = -5*z + 5425, -3*z = -s - 4*s - 3295. Suppose 41 = 5*w + 16, 5*w + z = 5*r. Let x = r + -68. What are the prime factors of x?
5, 31
Suppose 2*z + 4*y - 22 = 0, 0*z = 5*z + 2*y - 23. Suppose -z*f + 861 = 4*f. Let i = f + -51. List the prime factors of i.
2, 3
Let g(b) be the first derivative of -320*b**4 + b**3 + b**2/2 - b + 137. List the prime factors of g(-1).
3, 7, 61
Suppose 36 = 5*u - 3*q, -10 = -2*u - q + 11. Let b(t) = t**3 + 10 + 0 - t + u*t**2 - 6*t - 2. What are the prime factors of b(-9)?
71
Let u = -385 + 385. What are the prime factors of u - (-2)/(10/4045)?
809
Let l(j) = 69*j - 68. Let q be (26/4 + -6)*16. List the prime factors of l(q).
2, 11
Let r be 8/((-6)/3) + -122. List the prime factors of 17 + ((-4)/10 - r/(-35)).
13
Suppose 4*x + 4*i = 6968, -4*x + i = -4*i - 6959. Let r be (-302)/12*-4*9/6. Suppose 10*t = -r + x. List the prime factors of t.
3, 53
Let m(f) = -632*f - 8683. What are the prime factors of m(-32)?
3, 3847
Let u(n) = n**2 + 8*n - 36. Let g be u(-11). Let z(l) = -14*l. List the prime factors of z(g).
2, 3, 7
Suppose -4*a = 78*r - 82*r - 1964, -2*r + 479 = a. List the prime factors of a.
487
Let b be (15/3 - 66/24)*304. Suppose -3*x + 16*t + b = 12*t, -229 = -x + t. What are the prime factors of x?
2, 29
Let j = 141 - 138. Suppose b - l = 115, -j*b + l + 349 = -4*l. What are the prime factors of b?
113
Suppose s + 2*j - 2249 = 0, -5*j = 44*s - 45*s + 2263. Let f = s + -1333. List the prime factors of f.
2, 5, 23
Let y be (14 - 9)*4/10. Suppose -y*w + 4544 = 4*x + 892, 4*w - 899 = -x. List the prime factors of 20/15 - (0 + x/(-9)).
103
What are the prime factors of 24616969/3128 - (-1)/8?
2, 5, 787
Let q(s) = 14*s**3 - 2*s**2 + 3*s - 2. Let c be q(1). Let y = c - 55. Let i = 31 - y. What are the prime factors of i?
73
Let k be (103 - 0 - 3) + -4. Let x = k - 56. Suppose -6*d + x = -5*d. List the prime factors of d.
2, 5
Suppose 5*q = 3*l - 48127, 4*l - 5*q = 42872 + 21294. List the prime factors of l.
43, 373
Let i(k) = -770*k - 3825. What are the prime factors of i(-42)?
3, 5, 1901
Let n = -2229 - -2219. Suppose -2*a - 141 = a. Let q = n - a. What are the prime factors of q?
37
Let o be (-2112)/(-120) + (-2)/(-5). Suppose 0 = 3*w + o - 48. What are the prime factors of ((-6)/(-18) + 46/6)*w?
2, 5
Let x(v) = v**3 - 2*v**2 - 7. Let z be x(3). Let q(w) = 37*w**2 + 3*w - 8. List the prime factors of q(z).
2, 73
Let l(h) be the third derivative of -h**6/120 - 4*h**5/15 - h**4/24 - 17*h**3/6 + 8*h**2. Let u be l(-16). What are the prime factors of (u + -10)*3/(-12)*4?
11
Suppose 3*i + 51 = 5*a, 0 = 7*a - 3*a - 4*i - 